 divisor of 121 and 99.
11
Calculate the highest common divisor of 1696 and 224.
32
What is the highest common factor of 17 and 1513?
17
What is the greatest common factor of 2552 and 88?
88
Calculate the greatest common factor of 5 and 6655.
5
What is the highest common factor of 27 and 531?
9
What is the greatest common factor of 583 and 209?
11
What is the highest common factor of 35 and 55?
5
What is the highest common divisor of 55 and 16445?
55
What is the highest common factor of 31 and 1519?
31
What is the highest common factor of 30 and 18?
6
Calculate the greatest common divisor of 93 and 22413.
93
Calculate the highest common factor of 2451 and 684.
57
What is the highest common factor of 34 and 119?
17
What is the highest common divisor of 176 and 20?
4
What is the greatest common factor of 41 and 656?
41
What is the greatest common factor of 933 and 3?
3
Calculate the highest common factor of 5 and 20.
5
Calculate the greatest common factor of 1582 and 14.
14
Calculate the greatest common factor of 945 and 35.
35
What is the greatest common factor of 27 and 36?
9
Calculate the highest common divisor of 192 and 6288.
48
What is the greatest common divisor of 3440 and 5?
5
Calculate the highest common divisor of 2583 and 41.
41
What is the greatest common divisor of 63 and 189?
63
What is the greatest common divisor of 54 and 81?
27
What is the greatest common divisor of 2470 and 260?
130
Calculate the highest common factor of 1457 and 496.
31
Calculate the highest common divisor of 7021 and 2023.
119
What is the highest common divisor of 2500 and 1200?
100
Calculate the highest common factor of 3243 and 1311.
69
Calculate the highest common factor of 12 and 66.
6
What is the greatest common divisor of 14 and 35?
7
Calculate the highest common divisor of 8 and 536.
8
Calculate the greatest common factor of 107476 and 388.
388
Calculate the greatest common divisor of 108 and 4.
4
Calculate the greatest common factor of 8877 and 11.
11
What is the greatest common divisor of 16 and 1752?
8
What is the highest common factor of 507 and 3?
3
What is the highest common factor of 7390 and 15?
5
Calculate the greatest common factor of 13 and 1027.
13
Calculate the greatest common factor of 6994 and 104.
26
Calculate the highest common factor of 828 and 468.
36
Calculate the highest common divisor of 376 and 392.
8
What is the greatest common factor of 148 and 7659?
37
Calculate the highest common divisor of 264 and 88.
88
What is the greatest common divisor of 10 and 675?
5
What is the greatest common divisor of 48 and 5344?
16
Calculate the greatest common divisor of 54 and 12.
6
Calculate the highest common factor of 437 and 1235.
19
Calculate the greatest common divisor of 3842 and 17.
17
What is the greatest common divisor of 1400 and 50?
50
Calculate the highest common factor of 18 and 1698.
6
Calculate the greatest common divisor of 533 and 13.
13
Calculate the greatest common divisor of 378 and 36.
18
What is the highest common divisor of 844 and 8?
4
Calculate the greatest common divisor of 19208 and 24.
8
Calculate the highest common factor of 240 and 80.
80
Calculate the greatest common factor of 28 and 4298.
14
What is the highest common divisor of 72 and 2724?
12
Calculate the greatest common factor of 592 and 9.
1
What is the highest common divisor of 1000 and 40?
40
Calculate the greatest common factor of 165 and 3585.
15
Calculate the greatest common factor of 26 and 7046.
26
Calculate the highest common factor of 6 and 1107.
3
What is the highest common divisor of 204 and 96?
12
Calculate the highest common factor of 836 and 44.
44
Calculate the greatest common divisor of 61 and 46421.
61
What is the greatest common divisor of 15 and 411?
3
What is the highest common divisor of 576 and 216?
72
Calculate the greatest common factor of 4141 and 123.
41
Calculate the greatest common divisor of 72 and 88.
8
What is the highest common factor of 48 and 216?
24
What is the highest common divisor of 153 and 34?
17
What is the highest common divisor of 684 and 90?
18
What is the greatest common factor of 48 and 32?
16
Calculate the greatest common factor of 51 and 374.
17
Calculate the greatest common divisor of 30435 and 15.
15
What is the greatest common divisor of 19 and 2831?
19
Calculate the highest common factor of 33 and 165.
33
Calculate the greatest common divisor of 230 and 85.
5
Calculate the greatest common factor of 182 and 210.
14
What is the highest common divisor of 12 and 372?
12
Calculate the greatest common factor of 65 and 13.
13
What is the highest common divisor of 6 and 12126?
6
What is the greatest common divisor of 340 and 289?
17
What is the greatest common factor of 285 and 1501?
19
Calculate the highest common factor of 30 and 15.
15
Calculate the highest common divisor of 432 and 16.
16
What is the highest common factor of 288 and 32?
32
What is the greatest common factor of 11067 and 17?
17
Calculate the greatest common divisor of 3102 and 132.
66
What is the greatest common factor of 94 and 2?
2
Calculate the highest common factor of 118 and 3186.
118
Calculate the highest common divisor of 117 and 312.
39
What is the highest common factor of 7 and 63?
7
What is the greatest common factor of 6248 and 11?
11
What is the highest common factor of 1133 and 11?
11
Calculate the highest common factor of 150 and 330.
30
Calculate the highest common divisor of 28 and 98.
14
Calculate the highest common divisor of 1422 and 3634.
158
Calculate the highest common divisor of 84 and 51.
3
What is the greatest common divisor of 36 and 156?
12
What is the highest common factor of 297 and 54?
27
What is the highest common divisor of 10720 and 480?
160
Calculate the highest common divisor of 14 and 1106.
14
Calculate the highest common divisor of 47453 and 7.
7
What is the greatest common divisor of 1056 and 1155?
33
Calculate the highest common divisor of 4963 and 7.
7
What is the highest common divisor of 324 and 567?
81
Calculate the greatest common divisor of 660 and 180.
60
Calculate the highest common factor of 21 and 19005.
21
Calculate the greatest common factor of 54 and 19494.
54
Calculate the greatest common factor of 98 and 5586.
98
What is the highest common factor of 75 and 24?
3
Calculate the highest common factor of 480 and 2.
2
Calculate the highest common factor of 25 and 7075.
25
Calculate the highest common factor of 87 and 928.
29
Calculate the greatest common factor of 64 and 16064.
64
What is the highest common divisor of 18 and 120?
6
Calculate the greatest common factor of 48 and 84.
12
What is the highest common factor of 361 and 2299?
19
Calculate the greatest common divisor of 3 and 2319.
3
What is the greatest common factor of 1592 and 104?
8
Calculate the highest common divisor of 276 and 60.
12
What is the highest common factor of 1460 and 580?
20
Calculate the greatest common divisor of 569 and 1.
1
Calculate the highest common divisor of 91 and 65.
13
Calculate the highest common factor of 13 and 27677.
13
What is the greatest common factor of 33 and 187?
11
What is the greatest common divisor of 8 and 696?
8
What is the highest common factor of 188 and 893?
47
Calculate the highest common divisor of 7 and 623.
7
Calculate the highest common factor of 1260 and 54.
18
What is the highest common factor of 206 and 6386?
206
What is the highest common factor of 22 and 319?
11
Calculate the highest common factor of 232 and 3944.
232
Calculate the highest common divisor of 9 and 59229.
9
Calculate the greatest common divisor of 126 and 414.
18
What is the greatest common factor of 432 and 270?
54
Calculate the highest common factor of 162 and 1854.
18
What is the highest common divisor of 35 and 10955?
35
Calculate the highest common factor of 1216 and 76.
76
Calculate the highest common factor of 5684 and 116.
116
What is the greatest common divisor of 7 and 2?
1
What is the greatest common divisor of 3930 and 30?
30
What is the highest common divisor of 1534 and 104?
26
What is the highest common factor of 9493 and 55?
11
Calculate the greatest common divisor of 369 and 36.
9
What is the greatest common factor of 2048 and 544?
32
What is the greatest common divisor of 396 and 636?
12
Calc